 factor of n and 22?
11
Suppose -4*p + 40 = -8. Suppose 5*f = 3*x + 6, -1 = -4*x + f + 8. Suppose 4*v - 98 = 4*i - x*i, i + 74 = 3*v. What is the highest common divisor of v and p?
12
Let j(v) = -v**3 - 4*v**2 + 9*v + 1. Let f be j(-6). What is the greatest common divisor of 76 and f?
19
Suppose -4*c + 83 = -17. Calculate the highest common divisor of c and 200.
25
Let q = 5 + -9. Let i = q + 6. Suppose i*b + 0*b = 6. What is the highest common divisor of 15 and b?
3
Let r = 2 + -5. Let d be (r + 4)*3 + -1. What is the greatest common divisor of d and 2?
2
Suppose -5*m = a - 97, 23 + 26 = 2*m - 3*a. Let q = -8 + m. Let y(o) = 2*o**2 - 7*o - 1. Let k be y(-5). Calculate the highest common factor of k and q.
12
Suppose -9 = -t + 55. What is the highest common divisor of 16 and t?
16
Let p be (-9)/(-6) + 4/(-8). Suppose -h + 3 = 3*u, -5*h + u = -3*u - 15. Let c be h - 2/2*p. Calculate the highest common divisor of c and 1.
1
Suppose 24 - 279 = -3*d. What is the greatest common factor of d and 34?
17
Suppose a + 986 = 5*l + 88, 0 = 4*l - 3*a - 714. Calculate the highest common factor of l and 20.
20
Suppose 4 - 43 = -3*w. Let n be w/3 - (-1)/(-3). Let t be n/10 - 296/(-10). Calculate the highest common factor of 20 and t.
10
Let x(f) = 8*f**2 - 2*f - 3. Let c be x(-1). What is the highest common divisor of 63 and c?
7
Let c(u) = 9*u + 5. Let j be c(2). What is the highest common divisor of j and 161?
23
Let y = 0 - 0. Suppose 0 = -5*u - y*u + 20. Let r = 14 + u. Calculate the greatest common divisor of r and 12.
6
Suppose -3*t = -4*t - 55. Let k be 0 - (t - (-2 - -2)). Let n be (2 - -1) + (2 - 0). What is the highest common factor of n and k?
5
Suppose 0 = i - 25. Suppose -7*w - 20 = -9*w. What is the greatest common factor of i and w?
5
Let d = -204 + 304. Calculate the greatest common factor of d and 20.
20
Suppose 4*x - 9 = 5*n, x + 9 = 5*n - 0*n. Calculate the greatest common factor of x and 4.
2
Suppose 0*q + 2*q + 66 = 2*n, 0 = -5*q - 5*n - 135. Let b be 10/12 - 5/q. Calculate the greatest common factor of b and 2.
1
Suppose -10 = -s - 2. Let w = -29 - -37. Calculate the greatest common divisor of s and w.
8
Suppose 3*h - 2*h = 6. Let g be (h/1)/(1/2). What is the greatest common divisor of g and 108?
12
Suppose w - 3 = -z - z, 3*z = -w - 1. Let r be 4/5*10/4. Suppose -4*b = 3*x - 73, x - 2*x = -r*b + 49. What is the highest common factor of b and w?
11
Let u be (0 - 1 - -6) + -1. Suppose 0 = 9*t - u*t - 105. What is the greatest common divisor of t and 126?
21
Let x(z) = -3*z**3 - 3*z**2 + z. Let n = -18 + 14. Let t be x(n). Calculate the greatest common factor of 20 and t.
20
Suppose 7*d - 6*d = -1. Let p be (6/(-15))/(d/20). Calculate the greatest common factor of p and 72.
8
Let g(y) be the first derivative of y**3 - 2*y - 1. Let c be g(2). Calculate the greatest common factor of 70 and c.
10
Suppose 3*r + 210 = 5*g - 183, 5*g - 417 = -3*r. Calculate the highest common factor of 18 and g.
9
Let l be (-1)/(0 + 3/(-30)). Let d be 1*(l + (-1 - 2)). Suppose 69 = 3*o + 5*i, -87 = -3*o + i - 0*i. What is the greatest common factor of d and o?
7
Let b(x) = x - 12. Let n be b(13). Let f be (8/(-6) + 1)*-9. Suppose -z = -f*z + 14. What is the greatest common factor of z and n?
1
Let i = -30 - -54. Let j = 9 + 7. Calculate the highest common divisor of j and i.
8
Suppose -129 = -5*u + 151. What is the highest common factor of u and 140?
28
Let z be ((-2)/(-5))/((-2)/(-90)). Suppose f - 100 + 1 = -3*r, 0 = -3*f + 2*r + 264. What is the highest common factor of f and z?
18
Suppose 5*p - 2*p - 39 = 0. Suppose -5*i - 3*u = -0*u + 165, 4*i + 132 = 3*u. Let d be (-27 - -1)/(6/i). What is the highest common divisor of d and p?
13
Let s(x) = 3*x + 3. Let q be s(3). Let p be 1/(4/12 - 0). Calculate the greatest common divisor of q and p.
3
Let m = 4 - 2. Suppose -3*a + 17 = 2. Suppose -a*f - 3*z + 17 = z, 5*z = f + 14. Calculate the greatest common divisor of m and f.
1
Let t = 44 - 28. What is the highest common divisor of t and 8?
8
Let n(v) = v**2 + 2*v. Let z be n(-3). What is the highest common factor of z and 33?
3
Suppose -v - 84 = -94. Calculate the highest common divisor of 5 and v.
5
Let c(o) = 40*o - 30. Let i be c(6). Calculate the highest common factor of 30 and i.
30
Suppose -7*n + 4*n + 30 = 0. Let r(l) = 2*l**2 + 6*l + 4. Let p be r(-6). Calculate the highest common factor of n and p.
10
Let y = -1 - -11. Suppose -y = 3*q - 40. What is the highest common factor of 40 and q?
10
Let l(y) = 5*y. Let w be l(12). Calculate the highest common factor of 15 and w.
15
Let k(x) = 6 - 1 - 4*x**3 + 2*x**3 + 7*x**2 - x. Let m be k(5). Let z be m/2*(-16)/12. What is the highest common divisor of 10 and z?
10
Let i be (45/12 + -5)*-12. Calculate the greatest common factor of 75 and i.
15
Let p be (-120)/(-100)*(0 + 5). Calculate the greatest common divisor of p and 54.
6
Let m = -67 - -175. Let u be (8/10)/(1/15). Calculate the greatest common factor of u and m.
12
Suppose r + 5*w + 69 = 3*r, -r - 5*w + 27 = 0. Suppose 0 = -i - 0*i + 3. Suppose -i*t + 8 = -16. Calculate the highest common divisor of r and t.
8
Let r(x) = 0*x + 4*x - 2*x**2 + x**3 - 1 - 2. Let n be (-40)/70 - 64/(-14). Let d be r(n). Calculate the greatest common factor of 30 and d.
15
Suppose -4*m - 5*z - 28 = -3*m, 3*m + 64 = 5*z. Let r(f) = -4*f**2 - f. Let u be r(-1). Let d = u - m. What is the highest common factor of d and 180?
20
Let z(o) = -o**3 - 7*o**2 + 3*o - 1. Let m be -1*2*4 + 0. Let q be z(m). What is the greatest common divisor of 13 and q?
13
Let h be 102/14 + 20/(-70). Calculate the highest common factor of 7 and h.
7
Suppose -66 = -3*l + 3*g, -6*l + 3*l + 5*g = -74. Let o = l + -5. What is the highest common divisor of 117 and o?
13
Let m = 17 - -4. Let x(f) = 12*f**2 + 1. Let g be x(1). Let c = -10 + g. Calculate the highest common factor of c and m.
3
Let g be 309/4 + (-11)/44. What is the highest common divisor of g and 7?
7
Let d(k) = 7*k - 12. Let r be d(6). Calculate the greatest common divisor of 10 and r.
10
Suppose -4*d - 123 = -7*d. What is the highest common factor of 164 and d?
41
Suppose -3 + 17 = k. Let b be (3/(-2))/((-3)/8). Suppose b*c = -2*u - 0*c + 256, -3*u - 4*c = -382. What is the highest common factor of k and u?
14
Let c = -32 + 85. Let d = -21 + c. Calculate the greatest common divisor of 4 and d.
4
Suppose 11 = f - 3. Suppose 3*a + 0 + 12 = 0. Let p be a/8 + 282/4. Calculate the highest common divisor of f and p.
14
Suppose 6*i - 12 = 4*i. Let o be (-1)/(-4) - 77/(-28). What is the highest common factor of o and i?
3
Let b = 0 + 1. Suppose 2*l + 2*l + 2*k = 26, -l - 1 = 2*k. What is the highest common factor of l and b?
1
Suppose 0 = -4*o - 4, -3*y + 2*o + 195 = 46. What is the highest common factor of 7 and y?
7
Suppose 2*m + 64 = 5*v, v + 5*m = -4*v + 85. Let a = -54 + 180. Calculate the highest common factor of v and a.
14
Let p(h) = h + 110. Let j(b) = b + 2. Let q be j(-2). Let d be p(q). Calculate the greatest common divisor of d and 11.
11
Suppose 0 = -9*d + 12*d - 6. Let z(b) = b - 9. Let f be z(5). Let v be 10/3*(-6)/f. Calculate the greatest common factor of d and v.
1
Let j(f) = f**2 + f + 2. Let w be j(-3). Let t = w - 5. Let y(a) = 24*a + 3. Let x be y(t). What is the highest common divisor of 30 and x?
15
Let z = 21 - 12. Let t(o) = -o**3 + 8*o**2 + 10*o - 2. Let s be t(z). Let x = -14 - -35. What is the greatest common factor of s and x?
7
Let q(u) = u - 5. Let m be q(8). Let a be (-6)/((-2 + m)*-2). Suppose -3*z + 9 + 0 = 0. What is the greatest common factor of z and a?
3
Let f be (343/(-14))/((-1)/2). Let j = 13 - 6. What is the highest common factor of f and j?
7
Let z be 90/12*22/3. Suppose 4*p - 3*p = -4*n + 42, 5*p + 5*n = 135. What is the greatest common factor of p and z?
11
Let h(q) = 13*q**2 - 2*q - 2. Let w be h(-1). Calculate the greatest common divisor of 52 and w.
13
Let c(m) = -6*m**3 - m**2 - 3*m + 3. Let t be c(-3). Let n be 1/(-1 - 16/(-15)). Calculate the greatest common factor of n and t.
15
Suppose 4*i + 27 - 7 = 0. Let b = i - -8. Let f = 26 - 5. What is the greatest common factor of f and b?
3
Let r(u) = 15*u. Let s be r(1). Let a be -4*-2*s/12. Let h = a - -17. Calculate the greatest common divisor of